 {"id":564,"date":"2021-07-29T16:53:49","date_gmt":"2021-07-29T21:53:49","guid":{"rendered":"http:\/\/20.110.249.161\/?page_id=564"},"modified":"2021-10-20T13:25:53","modified_gmt":"2021-10-20T18:25:53","slug":"log-in","status":"publish","type":"page","link":"https:\/\/www.decidoser.favla.org\/?page_id=564","title":{"rendered":"Log In"},"content":{"rendered":"\t\t<div data-elementor-type=\"wp-page\" data-elementor-id=\"564\" class=\"elementor elementor-564\">\n\t\t\t\t\t\t\t\t\t<section class=\"elementor-section elementor-top-section elementor-element elementor-element-327da51 stax-condition-yes stax-user_role_enabled-yes elementor-section-boxed elementor-section-height-default elementor-section-height-default\" data-id=\"327da51\" data-element_type=\"section\">\n\t\t\t\t\t\t<div class=\"elementor-container elementor-column-gap-default\">\n\t\t\t\t\t<div class=\"elementor-column elementor-col-50 elementor-top-column elementor-element elementor-element-14cc967\" data-id=\"14cc967\" data-element_type=\"column\">\n\t\t\t<div class=\"elementor-widget-wrap elementor-element-populated\">\n\t\t\t\t\t\t\t\t<div class=\"elementor-element elementor-element-4b136e7 elementor-widget elementor-widget-heading\" data-id=\"4b136e7\" data-element_type=\"widget\" data-widget_type=\"heading.default\">\n\t\t\t\t<div class=\"elementor-widget-container\">\n\t\t\t<style>\/*! elementor - v3.14.0 - 26-06-2023 *\/\n.elementor-heading-title{padding:0;margin:0;line-height:1}.elementor-widget-heading .elementor-heading-title[class*=elementor-size-]>a{color:inherit;font-size:inherit;line-height:inherit}.elementor-widget-heading .elementor-heading-title.elementor-size-small{font-size:15px}.elementor-widget-heading .elementor-heading-title.elementor-size-medium{font-size:19px}.elementor-widget-heading .elementor-heading-title.elementor-size-large{font-size:29px}.elementor-widget-heading .elementor-heading-title.elementor-size-xl{font-size:39px}.elementor-widget-heading .elementor-heading-title.elementor-size-xxl{font-size:59px}<\/style><h2 class=\"elementor-heading-title elementor-size-default\">Si ya eres usuario, inicia sesi\u00f3n aqu\u00ed.<\/h2>\t\t<\/div>\n\t\t\t\t<\/div>\n\t\t\t\t<div class=\"elementor-element elementor-element-b03b22a elementor-widget elementor-widget-shortcode\" data-id=\"b03b22a\" data-element_type=\"widget\" data-widget_type=\"shortcode.default\">\n\t\t\t\t<div class=\"elementor-widget-container\">\n\t\t\t\t\t<div class=\"elementor-shortcode\">\n<div class=\"um um-login um-613\">\n\t<div class=\"um-form\">\n\t\t<form method=\"post\" action=\"\" autocomplete=\"off\">\n\t\t\t<div class=\"um-row _um_row_1 \" style=\"margin: 0 0 30px 0;\"><div class=\"um-col-1\"><div  id=\"um_field_613_username\" class=\"um-field um-field-text  um-field-username um-field-text um-field-type_text\" data-key=\"username\"><div class=\"um-field-label\"><label for=\"username-613\">Usuario<span class=\"um-req\" title=\"Obligatorio\">*<\/span><\/label><div class=\"um-clear\"><\/div><\/div><div class=\"um-field-area\"><input  autocomplete=\"off\" class=\"um-form-field valid \" type=\"text\" name=\"username-613\" id=\"username-613\" value=\"\" placeholder=\"\" data-validate=\"unique_username_or_email\" data-key=\"username\"  aria-invalid=\"false\" \/>\n\n\t\t\t\t\t\t<\/div><\/div><div  id=\"um_field_613_user_password\" class=\"um-field um-field-password  um-field-user_password um-field-password um-field-type_password\" data-key=\"user_password\"><div class=\"um-field-label\"><label for=\"user_password-613\">Contrase\u00f1a<span class=\"um-req\" title=\"Obligatorio\">*<\/span><\/label><div class=\"um-clear\"><\/div><\/div><div class=\"um-field-area\"><input class=\"um-form-field valid \" type=\"password\" name=\"user_password-613\" id=\"user_password-613\" value=\"\" placeholder=\"\" data-validate=\"\" data-key=\"user_password\"  aria-invalid=\"false\" \/>\n\n\t\t\t\t\t\t\t<\/div><\/div><\/div><\/div>\t\t<input type=\"hidden\" name=\"form_id\" id=\"form_id_613\" value=\"613\" \/>\n\t\n\t<p class=\"um_request_name\">\n\t\t<label for=\"um_request_613\">Only fill in if you are not human<\/label>\n\t\t<input type=\"hidden\" name=\"um_request\" id=\"um_request_613\" class=\"input\" value=\"\" size=\"25\" autocomplete=\"off\" \/>\n\t<\/p>\n\n\t<input type=\"hidden\" id=\"_wpnonce\" name=\"_wpnonce\" value=\"b42c3c01de\" \/><input type=\"hidden\" name=\"_wp_http_referer\" value=\"\/index.php?rest_route=%2Fwp%2Fv2%2Fpages%2F564\" \/>\n\t<div class=\"um-col-alt\">\n\n\t\t\n\t\t\t<div class=\"um-center\">\n\t\t\t\t<input type=\"submit\" value=\"Acceder\" class=\"um-button\" id=\"um-submit-btn\" \/>\n\t\t\t<\/div>\n\n\t\t\n\t\t<div class=\"um-clear\"><\/div>\n\n\t<\/div>\n\n\t\n\t<div class=\"um-col-alt-b\">\n\t\t<a href=\"https:\/\/www.decidoser.favla.org\/?page_id=622\" class=\"um-link-alt\">\n\t\t\t\u00bfHas olvidado tu contrase\u00f1a?\t\t<\/a>\n\t<\/div>\n\n\t\t\t<\/form>\n\t<\/div>\n<\/div>\n<style>\n\t\t<\/style>\n<\/div>\n\t\t\t\t<\/div>\n\t\t\t\t<\/div>\n\t\t\t\t\t<\/div>\n\t\t<\/div>\n\t\t\t\t<div class=\"elementor-column elementor-col-50 elementor-top-column elementor-element elementor-element-bd58153\" data-id=\"bd58153\" data-element_type=\"column\" data-settings=\"{&quot;background_background&quot;:&quot;classic&quot;}\">\n\t\t\t<div class=\"elementor-widget-wrap elementor-element-populated\">\n\t\t\t\t\t\t\t\t<div class=\"elementor-element elementor-element-b520032 elementor-widget elementor-widget-heading\" data-id=\"b520032\" data-element_type=\"widget\" data-widget_type=\"heading.default\">\n\t\t\t\t<div class=\"elementor-widget-container\">\n\t\t\t<h1 class=\"elementor-heading-title elementor-size-default\">Reg\u00edstrate para ver nuestra gu\u00edas de aprendizaje y pertenecer a nuestra comunidad                        <img decoding=\"async\" src=\"http:\/\/20.110.249.161\/wp-content\/uploads\/decido-ser-logotipo.svg\"><\/h1>\t\t<\/div>\n\t\t\t\t<\/div>\n\t\t\t\t<div class=\"elementor-element elementor-element-6d3e7e7 elementor-widget elementor-widget-shortcode\" data-id=\"6d3e7e7\" data-element_type=\"widget\" data-widget_type=\"shortcode.default\">\n\t\t\t\t<div class=\"elementor-widget-container\">\n\t\t\t\t\t<div class=\"elementor-shortcode\">\n<div class=\"um um-register um-612\">\n\t<div class=\"um-form\" data-mode=\"register\">\n\t\t<form method=\"post\" action=\"\">\n\t\t\t<div class=\"um-row _um_row_1 \" style=\"margin: 0 0 30px 0;\"><div class=\"um-col-121\"><div  id=\"um_field_612_first_name\" class=\"um-field um-field-text  um-field-first_name um-field-text um-field-type_text\" data-key=\"first_name\"><div class=\"um-field-label\"><label for=\"first_name-612\">Nombre<span class=\"um-req\" title=\"Obligatorio\">*<\/span><\/label><div class=\"um-clear\"><\/div><\/div><div class=\"um-field-area\"><input  autocomplete=\"off\" class=\"um-form-field valid \" type=\"text\" name=\"first_name-612\" id=\"first_name-612\" value=\"\" placeholder=\"\" data-validate=\"\" data-key=\"first_name\"  aria-invalid=\"false\" \/>\n\n\t\t\t\t\t\t<\/div><\/div><div  id=\"um_field_612_user_login\" class=\"um-field um-field-text  um-field-user_login um-field-text um-field-type_text\" data-key=\"user_login\"><div class=\"um-field-label\"><label for=\"user_login-612\">Nombre de usuario<span class=\"um-req\" title=\"Obligatorio\">*<\/span><\/label><div class=\"um-clear\"><\/div><\/div><div class=\"um-field-area\"><input  autocomplete=\"off\" class=\"um-form-field valid \" type=\"text\" name=\"user_login-612\" id=\"user_login-612\" value=\"\" placeholder=\"\" data-validate=\"unique_username\" data-key=\"user_login\"  aria-invalid=\"false\" \/>\n\n\t\t\t\t\t\t<\/div><\/div><div  id=\"um_field_612_phone_number\" class=\"um-field um-field-tel  um-field-phone_number um-field-tel um-field-type_tel\" data-key=\"phone_number\"><div class=\"um-field-label\"><label for=\"phone_number-612\">N\u00famero de tel\u00e9fono<span class=\"um-req\" title=\"Obligatorio\">*<\/span><\/label><div class=\"um-clear\"><\/div><\/div><div class=\"um-field-area\"><input  autocomplete=\"off\" class=\"um-form-field valid \" type=\"tel\" name=\"phone_number-612\" id=\"phone_number-612\" value=\"\" placeholder=\"\" data-validate=\"phone_number\" data-key=\"phone_number\"  aria-invalid=\"false\" \/>\n\n\t\t\t\t\t\t<\/div><\/div><\/div><div class=\"um-col-122\"><div  id=\"um_field_612_last_name\" class=\"um-field um-field-text  um-field-last_name um-field-text um-field-type_text\" data-key=\"last_name\"><div class=\"um-field-label\"><label for=\"last_name-612\">Apellidos<span class=\"um-req\" title=\"Obligatorio\">*<\/span><\/label><div class=\"um-clear\"><\/div><\/div><div class=\"um-field-area\"><input  autocomplete=\"off\" class=\"um-form-field valid \" type=\"text\" name=\"last_name-612\" id=\"last_name-612\" value=\"\" placeholder=\"\" data-validate=\"\" data-key=\"last_name\"  aria-invalid=\"false\" \/>\n\n\t\t\t\t\t\t<\/div><\/div><div  id=\"um_field_612_user_password\" class=\"um-field um-field-password  um-field-user_password um-field-password um-field-type_password\" data-key=\"user_password\"><div class=\"um-field-label\"><label for=\"user_password-612\">Contrase\u00f1a<span class=\"um-req\" title=\"Obligatorio\">*<\/span><\/label><div class=\"um-clear\"><\/div><\/div><div class=\"um-field-area\"><input class=\"um-form-field valid \" type=\"password\" name=\"user_password-612\" id=\"user_password-612\" value=\"\" placeholder=\"\" data-validate=\"\" data-key=\"user_password\"  aria-invalid=\"false\" \/>\n\n\t\t\t\t\t\t\t<\/div><\/div><div  id=\"um_field_612_user_email\" class=\"um-field um-field-text  um-field-user_email um-field-text um-field-type_text\" data-key=\"user_email\"><div class=\"um-field-label\"><label for=\"user_email-612\">Correo electr\u00f3nico<span class=\"um-req\" title=\"Obligatorio\">*<\/span><\/label><div class=\"um-clear\"><\/div><\/div><div class=\"um-field-area\"><input  autocomplete=\"off\" class=\"um-form-field valid \" type=\"text\" name=\"user_email-612\" id=\"user_email-612\" value=\"\" placeholder=\"\" data-validate=\"unique_email\" data-key=\"user_email\"  aria-invalid=\"false\" \/>\n\n\t\t\t\t\t\t<\/div><\/div><\/div><div class=\"um-clear\"><\/div><\/div><div class=\"um-row _um_row_2 \" style=\"margin: 0 0 30px 0;\"><div class=\"um-col-131\"><div  id=\"um_field_612_ciudad\" class=\"um-field um-field-text  um-field-ciudad um-field-text um-field-type_text\" data-key=\"ciudad\"><div class=\"um-field-label\"><label for=\"ciudad-612\">Municipio<span class=\"um-req\" title=\"Obligatorio\">*<\/span><\/label><div class=\"um-clear\"><\/div><\/div><div class=\"um-field-area\"><input  autocomplete=\"off\" class=\"um-form-field valid \" type=\"text\" name=\"ciudad-612\" id=\"ciudad-612\" value=\"\" placeholder=\"\" data-validate=\"\" data-key=\"ciudad\"  aria-invalid=\"false\" \/>\n\n\t\t\t\t\t\t<\/div><\/div><\/div><div class=\"um-col-132\"><div  id=\"um_field_612_edad\" class=\"um-field um-field-text  um-field-edad um-field-text um-field-type_text\" data-key=\"edad\"><div class=\"um-field-label\"><label for=\"edad-612\">Edad<span class=\"um-req\" title=\"Obligatorio\">*<\/span><\/label><div class=\"um-clear\"><\/div><\/div><div class=\"um-field-area\"><input  autocomplete=\"off\" class=\"um-form-field valid \" type=\"text\" name=\"edad-612\" id=\"edad-612\" value=\"\" placeholder=\"\" data-validate=\"\" data-key=\"edad\"  aria-invalid=\"false\" \/>\n\n\t\t\t\t\t\t<\/div><\/div><\/div><div class=\"um-col-133\"><div  id=\"um_field_612_role_select\" class=\"um-field um-field-select  um-field-role_select um-field-select um-field-type_select\" data-key=\"role_select\"><div class=\"um-field-label\"><label for=\"role_select-612\">Sector<span class=\"um-req\" title=\"Obligatorio\">*<\/span><\/label><div class=\"um-clear\"><\/div><\/div><div class=\"um-field-area  \"><select data-default=\"\"     name=\"role\" id=\"role\" data-validate=\"\" data-key=\"role_select\" class=\"um-form-field valid um-s1 \" style=\"width: 100%\" data-placeholder=\"\"   aria-invalid=\"false\" ><option value=\"\"><\/option><option value=\"um_entidad-publica\" >Entidad p\u00fablica<\/option><option value=\"um_empresa-privada\" >Empresa privada<\/option><option value=\"um_persona-natural\" >Persona natural<\/option><option value=\"um_institucion-educativa\" >Instituci\u00f3n educativa<\/option><option value=\"um_cooperacion-internacional\" >Cooperaci\u00f3n internacional<\/option><\/select><\/div><\/div><\/div><div class=\"um-clear\"><\/div><\/div><div class=\"um-row _um_row_3 \" style=\"margin: 0 0 30px 0;\"><div class=\"um-col-121\"><div  id=\"um_field_612_sexo\" class=\"um-field um-field-select  um-field-sexo um-field-select um-field-type_select\" data-key=\"sexo\"><div class=\"um-field-label\"><label for=\"sexo-612\">Sexo<span class=\"um-req\" title=\"Obligatorio\">*<\/span><\/label><div class=\"um-clear\"><\/div><\/div><div class=\"um-field-area  \"><select data-default=\"\"     name=\"sexo\" id=\"sexo\" data-validate=\"\" data-key=\"sexo\" class=\"um-form-field valid um-s1 \" style=\"width: 100%\" data-placeholder=\"\"   aria-invalid=\"false\" ><option value=\"\"><\/option><option value=\"Mujer\" >Mujer<\/option><option value=\"Hombre\" >Hombre<\/option><option value=\"Prefiero no decirlo\" >Prefiero no decirlo<\/option><\/select><\/div><\/div><\/div><div class=\"um-col-122\"><div  id=\"um_field_612_participante\" class=\"um-field um-field-radio  um-field-participante um-field-radio um-field-type_radio\" data-key=\"participante\"  aria-invalid=\"false\" ><div class=\"um-field-label\"><label for=\"participante-612\">\u00bfEres participante de DecidoSer?<span class=\"um-req\" title=\"Obligatorio\">*<\/span><\/label><div class=\"um-clear\"><\/div><\/div><div class=\"um-field-area\"><label class=\"um-field-radio  um-field-half \"><input  type=\"radio\" name=\"participante[]\" value=\"S\u00ed\"  \/><span class=\"um-field-radio-state\"><i class=\"um-icon-android-radio-button-off\"><\/i><\/span><span class=\"um-field-radio-option\">S\u00ed<\/span><\/label><label class=\"um-field-radio  um-field-half  right \"><input  type=\"radio\" name=\"participante[]\" value=\"No\"  \/><span class=\"um-field-radio-state\"><i class=\"um-icon-android-radio-button-off\"><\/i><\/span><span class=\"um-field-radio-option\">No<\/span><\/label><div class=\"um-clear\"><\/div><div class=\"um-clear\"><\/div><\/div><\/div><\/div><div class=\"um-clear\"><\/div><\/div><div class=\"um-row _um_row_4 \" style=\"margin: 0 0 30px 0;\"><div class=\"um-col-1\"><div  id=\"um_field_612_que_programa\" class=\"um-field um-field-multiselect  um-field-que_programa um-field-multiselect um-field-type_multiselect\" data-key=\"que_programa\"><div class=\"um-field-label\"><label for=\"que_programa-612\">\u00bfEn qu\u00e9 profundizaci\u00f3n de DecidoSer participaste?<span class=\"um-req\" title=\"Obligatorio\">*<\/span><\/label><div class=\"um-clear\"><\/div><\/div><div class=\"um-field-area  \"><select   multiple=\"multiple\" name=\"que_programa[]\" id=\"que_programa\" data-maxsize=\"2\" data-validate=\"\" data-key=\"que_programa\" class=\"um-form-field valid um-s1 \" style=\"width: 100%\" data-placeholder=\"\"  aria-invalid=\"false\" ><option value=\"\"><\/option><option value=\"DecidoSer Campe\u00f3n \/ Campeona\" >DecidoSer Campe\u00f3n \/ Campeona<\/option><option value=\"DecidoSer L\u00edder\" >DecidoSer L\u00edder<\/option><option value=\"DecidoSer Familia\" >DecidoSer Familia<\/option><option value=\"DecidoSer Sin L\u00edmites\" >DecidoSer Sin L\u00edmites<\/option><option value=\"DecidoSer Poderosa\" >DecidoSer Poderosa<\/option><option value=\"DecidoSer 2.0\" >DecidoSer 2.0<\/option><\/select><\/div><\/div><div  id=\"um_field_612_nombre-organizacion\" class=\"um-field um-field-text  um-field-nombre-organizacion um-field-text um-field-type_text\" data-key=\"nombre-organizacion\"><div class=\"um-field-label\"><label for=\"nombre-organizacion-612\">Nombre de la organizaci\u00f3n o empresa<span class=\"um-req\" title=\"Obligatorio\">*<\/span><\/label><div class=\"um-clear\"><\/div><\/div><div class=\"um-field-area\"><input  autocomplete=\"off\" class=\"um-form-field valid \" type=\"text\" name=\"nombre-organizacion-612\" id=\"nombre-organizacion-612\" value=\"\" placeholder=\"\" data-validate=\"\" data-key=\"nombre-organizacion\"  aria-invalid=\"false\" \/>\n\n\t\t\t\t\t\t<\/div><\/div><div  id=\"um_field_612_sector_organizacion\" class=\"um-field um-field-select  um-field-sector_organizacion um-field-select um-field-type_select\" data-key=\"sector_organizacion\"><div class=\"um-field-label\"><label for=\"sector_organizacion-612\">\u00bfA que sector pertenece tu organizaci\u00f3n?<span class=\"um-req\" title=\"Obligatorio\">*<\/span><\/label><div class=\"um-clear\"><\/div><\/div><div class=\"um-field-area  \"><select data-default=\"\"     name=\"sector_organizacion\" id=\"sector_organizacion\" data-validate=\"\" data-key=\"sector_organizacion\" class=\"um-form-field valid um-s1 \" style=\"width: 100%\" data-placeholder=\"\"   aria-invalid=\"false\" ><option value=\"\"><\/option><option value=\"Agricultura\" >Agricultura<\/option><option value=\"Automotriz\" >Automotriz<\/option><option value=\"Bancario\" >Bancario<\/option><option value=\"Comunicaciones\" >Comunicaciones<\/option><option value=\"Construcci\u00f3n\" >Construcci\u00f3n<\/option><option value=\"Educaci\u00f3n\" >Educaci\u00f3n<\/option><option value=\"Gubernamental\" >Gubernamental<\/option><option value=\"Industrias\" >Industrias<\/option><option value=\"Petrolera\" >Petrolera<\/option><option value=\"Servicios de salud\" >Servicios de salud<\/option><option value=\"Turismo\" >Turismo<\/option><option value=\"Otro\" >Otro<\/option><\/select><\/div><\/div><\/div><\/div><div class=\"um-row _um_row_5 \" style=\"margin: 0 0 30px 0;\"><div class=\"um-col-121\"><div  id=\"um_field_612_cargo\" class=\"um-field um-field-select  um-field-cargo um-field-select um-field-type_select\" data-key=\"cargo\"><div class=\"um-field-label\"><label for=\"cargo-612\">Cargo<span class=\"um-req\" title=\"Obligatorio\">*<\/span><\/label><div class=\"um-clear\"><\/div><\/div><div class=\"um-field-area  \"><select data-default=\"\"     name=\"cargo\" id=\"cargo\" data-validate=\"\" data-key=\"cargo\" class=\"um-form-field valid um-s1 \" style=\"width: 100%\" data-placeholder=\"\"   aria-invalid=\"false\" ><option value=\"\"><\/option><option value=\"Apoyo comercial\" >Apoyo comercial<\/option><option value=\"Apoyo ejecutivo\" >Apoyo ejecutivo<\/option><option value=\"Apoyo jur\u00eddico\" >Apoyo jur\u00eddico<\/option><option value=\"Apoyo recursos humanos\" >Apoyo recursos humanos<\/option><option value=\"CEO\" >CEO<\/option><option value=\"Comercial\" >Comercial<\/option><option value=\"Coordinador\/a\" >Coordinador\/a<\/option><option value=\"Director\/a general\" >Director\/a general<\/option><option value=\"Director\/a financiero\/a\" >Director\/a financiero\/a<\/option><option value=\"Director\/a administrativa\" >Director\/a administrativa<\/option><option value=\"Ejecutivo\" >Ejecutivo<\/option><option value=\"Estudiante \/ Pasante\" >Estudiante \/ Pasante<\/option><option value=\"Jur\u00eddico\" >Jur\u00eddico<\/option><option value=\"Profesor\/a\" >Profesor\/a<\/option><option value=\"Recursos humanos\" >Recursos humanos<\/option><option value=\"Otro\" >Otro<\/option><\/select><\/div><\/div><\/div><div class=\"um-col-122\"><div  id=\"um_field_612_como_supiste\" class=\"um-field um-field-text  um-field-como_supiste um-field-text um-field-type_text\" data-key=\"como_supiste\"><div class=\"um-field-label\"><label for=\"como_supiste-612\">\u00bfC\u00f3mo supiste de DecidoSer?<span class=\"um-req\" title=\"Obligatorio\">*<\/span><\/label><div class=\"um-clear\"><\/div><\/div><div class=\"um-field-area\"><input  autocomplete=\"off\" class=\"um-form-field valid \" type=\"text\" name=\"como_supiste-612\" id=\"como_supiste-612\" value=\"\" placeholder=\"\" data-validate=\"\" data-key=\"como_supiste\"  aria-invalid=\"false\" \/>\n\n\t\t\t\t\t\t<\/div><\/div><\/div><div class=\"um-clear\"><\/div><\/div><div class=\"um-row _um_row_6 \" style=\"margin: 0 0 30px 0;\"><div class=\"um-col-1\"><div  id=\"um_field_612_para_que_quieres\" class=\"um-field um-field-select  um-field-para_que_quieres um-field-select um-field-type_select\" data-key=\"para_que_quieres\"><div class=\"um-field-label\"><label for=\"para_que_quieres-612\">\u00bfPara qu\u00e9 quieres acceder a las gu\u00edas?<span class=\"um-req\" title=\"Obligatorio\">*<\/span><\/label><div class=\"um-clear\"><\/div><\/div><div class=\"um-field-area  \"><select data-default=\"\"     name=\"para_que_quieres\" id=\"para_que_quieres\" data-validate=\"\" data-key=\"para_que_quieres\" class=\"um-form-field valid um-s1 \" style=\"width: 100%\" data-placeholder=\"\"   aria-invalid=\"false\" ><option value=\"\"><\/option><option value=\"Informativo\" >Informativo<\/option><option value=\"Quiero fortalecer las estructuras de talento humano de mi empresa\" >Quiero fortalecer las estructuras de talento humano de mi empresa<\/option><option value=\"Estoy interesado en adquirir los servicios de DecidoSer\" >Estoy interesado en adquirir los servicios de DecidoSer<\/option><option value=\"Responsabilidad social\" >Responsabilidad social<\/option><\/select><\/div><\/div><\/div><\/div>\n<!-- This file should primarily consist of HTML with a little bit of PHP. -->\n<div class=\"um-field um-field-type_terms_conditions\" data-key=\"use_terms_conditions_agreement\" style=\"display:block;padding:0;\">\n\t<div class=\"um-field-area\">\n\t\t<div class=\"um-gdpr-content\" style=\"display:none;\">\n\t\t\t<h3>Pol\u00edtica de privacidad<\/h3>\n<p>ACDI\/VOCA requiere su autorizaci\u00f3n para que de manera libre, previa, expresa, voluntaria y debidamente informada, permita a ACDI\/VOCA recolectar, recaudar, almacenar, usar, circular, suprimir, procesar, compilar, intercambiar, dar tratamiento, actualizar y disponer de los datos que han sido suministrados.<\/p>\n<p>Al hacer clic en \u201cEnviar\u201d, autoriza que la recolecci\u00f3n y tratamiento de datos personales y cualquier otra informaci\u00f3n suministrada a ACDI\/VOCA, sea tratada conforme en lo previsto en el <a href=\"https:\/\/www.acdivoca.org.co\/habeas-data\/\" target=\"_blank\" rel=\"noopener\">siguiente enlace.<\/a><\/p>\n<h4>T\u00e9rminos y condiciones de uso<\/h4>\n<p>DecidoSer es una herramienta de ACDI\/VOCA desarrollada en el marco del Programa de Alianzas para la Reconciliaci\u00f3n financiado por la Agencia de los Estados Unidos para el Desarrollo Internacional \u2013 USAID, protegida por derechos de autor. Se proh\u00edbe cualquier publicaci\u00f3n, reproducci\u00f3n o uso de su contenido sin autorizaci\u00f3n. ACDI\/VOCA otorga a sus aliados (\u201cUsuario\u201d) una autorizaci\u00f3n revocable, libre de regal\u00edas, no exclusiva e intransferible para el uso de DecidoSer. Si el Usuario decidiera traducir el material licenciado a otro idioma, deber\u00e1 usar un traductor oficial con un nivel de habilidad apropiado, cualquier traducci\u00f3n debe realizarse de la versi\u00f3n original. El Usuario reconoce y acepta que cualquier traducci\u00f3n del material autorizado seguir\u00e1 siendo propiedad de ACDI\/VOCA, as\u00ed como todos los derechos de propiedad intelectual en dicha traducci\u00f3n. Cualquier derivado creado por el Usuario deber\u00e1 especificar expl\u00edcitamente que ACDI\/VOCA es el autor de los materiales, y que el derivado fue desarrollado con base en los materiales que provey\u00f3 ACDI\/VOCA.<\/p>\n<p>El Usuario, adem\u00e1s, le confiere irrevocablemente y sin regal\u00edas, el derecho perpetuo a ACDI\/VOCA para usar, revelar, reproducir, modificar, licenciar, transferir y de cualquier otra forma usar y distribuir cualquier derivado creado por el Usuario en cualquier forma, incluyendo aquello conectado con el material autorizado. ACDI\/VOCA no es responsable de los contenidos del material derivado creado por el Usuario. El Usuario no podr\u00e1 remover o destruir cualquier notificaci\u00f3n o marcaci\u00f3n de derechos intelectuales y de propiedad contenidos en el material autorizado, y deber\u00e1 incluir tales notificaciones o marcaciones en cualquier traducci\u00f3n conectada con el uso de cualquier material autorizado en las derivaciones creadas por el Usuario. Cualquier uso de la herramienta constituye la aceptaci\u00f3n de estos t\u00e9rminos.<\/p>\n\t\t<\/div>\n\n\t\t\n\t\t<a href=\"javascript:void(0);\" class=\"um-toggle-gdpr\" data-toggle-state=\"hidden\"\n\t\t   data-toggle-show=\"Mostrar la pol\u00edtica de privacidad y los t\u00e9rminos y condiciones de uso\"\n\t\t   data-toggle-hide=\"Ocultar la pol\u00edtica de privacidad y los t\u00e9rminos y condiciones de uso\">\n\t\t\tMostrar la pol\u00edtica de privacidad y los t\u00e9rminos y condiciones de uso\t\t<\/a>\n\t<\/div>\n\t<div class=\"um-field-area\">\n\n\t\t\n\t\t<label class=\"um-field-checkbox\">\n\t\t\t<input type=\"checkbox\" name=\"use_gdpr_agreement\" value=\"1\">\n\t\t\t<span class=\"um-field-checkbox-state\"><i class=\"um-icon-android-checkbox-outline-blank\"><\/i><\/span>\n\t\t\t<span class=\"um-field-checkbox-option\">Por favor, confirma que est\u00e1s de acuerdo con nuestra pol\u00edtica de privacidad y nuestros t\u00e9rminos y condiciones de uso.<\/span>\n\t\t<\/label>\n\t\t<div class=\"um-clear\"><\/div>\n\n\t\t\n\t\t<div class=\"um-clear\"><\/div>\n\t<\/div>\n<\/div>\n\t\t<input type=\"hidden\" name=\"form_id\" id=\"form_id_612\" value=\"612\" \/>\n\t\n\t<p class=\"um_request_name\">\n\t\t<label for=\"um_request_612\">Only fill in if you are not human<\/label>\n\t\t<input type=\"hidden\" name=\"um_request\" id=\"um_request_612\" class=\"input\" value=\"\" size=\"25\" autocomplete=\"off\" \/>\n\t<\/p>\n\n\t<input type=\"hidden\" id=\"_wpnonce\" name=\"_wpnonce\" value=\"6fff144a63\" \/><input type=\"hidden\" name=\"_wp_http_referer\" value=\"\/index.php?rest_route=%2Fwp%2Fv2%2Fpages%2F564\" \/>\n\t<div class=\"um-col-alt\">\n\n\t\t\n\t\t\t<div class=\"um-center\">\n\t\t\t\t<input type=\"submit\" value=\"Enviar\" class=\"um-button\" id=\"um-submit-btn\" \/>\n\t\t\t<\/div>\n\n\t\t\n\t\t<div class=\"um-clear\"><\/div>\n\n\t<\/div>\n\n\t\t\t<\/form>\n\t<\/div>\n<\/div>\n<\/div>\n\t\t\t\t<\/div>\n\t\t\t\t<\/div>\n\t\t\t\t\t<\/div>\n\t\t<\/div>\n\t\t\t\t\t\t\t<\/div>\n\t\t<\/section>\n\t\t\t\t\t\t\t<\/div>\n\t\t","protected":false},"excerpt":{"rendered":"<p>Si ya eres usuario, inicia sesi\u00f3n aqu\u00ed. Reg\u00edstrate para ver nuestra gu\u00edas de aprendizaje y pertenecer a nuestra comunidad<\/p>\n","protected":false},"author":1,"featured_media":0,"parent":0,"menu_order":0,"comment_status":"closed","ping_status":"closed","template":"","meta":[],"_links":{"self":[{"href":"https:\/\/www.decidoser.favla.org\/index.php?rest_route=\/wp\/v2\/pages\/564"}],"collection":[{"href":"https:\/\/www.decidoser.favla.org\/index.php?rest_route=\/wp\/v2\/pages"}],"about":[{"href":"https:\/\/www.decidoser.favla.org\/index.php?rest_route=\/wp\/v2\/types\/page"}],"author":[{"embeddable":true,"href":"https:\/\/www.decidoser.favla.org\/index.php?rest_route=\/wp\/v2\/users\/1"}],"replies":[{"embeddable":true,"href":"https:\/\/www.decidoser.favla.org\/index.php?rest_route=%2Fwp%2Fv2%2Fcomments&post=564"}],"version-history":[{"count":0,"href":"https:\/\/www.decidoser.favla.org\/index.php?rest_route=\/wp\/v2\/pages\/564\/revisions"}],"wp:attachment":[{"href":"https:\/\/www.decidoser.favla.org\/index.php?rest_route=%2Fwp%2Fv2%2Fmedia&parent=564"}],"curies":[{"name":"wp","href":"https:\/\/api.w.org\/{rel}","templated":true}]}}